 highest common factor of 320 and q.
40
Suppose -4*h - z = -2 - 9, 4*z - 2 = 5*h. Let t be 74/(h/1) + 2 + -3. What is the greatest common divisor of t and 24?
12
Let s = -605 - -1608. What is the highest common factor of 118 and s?
59
Let x be (11*(-3)/(-9))/(10/1050). What is the greatest common divisor of x and 35?
35
Suppose -k = k - 710. Suppose -3*g + k = -518. Suppose o - 71 = -4*n, -5*o = 7*n - 3*n - g. What is the greatest common factor of o and 5?
5
Suppose -5*c + 37 + 23 = 0. Let j = -5233 + 5317. Calculate the greatest common divisor of j and c.
12
Let n be (-1105)/(-9) - (-72)/324. What is the highest common factor of 3 and n?
3
Suppose -130 = -n - 5*x, -n + 119 = -4*x + 34. Let u(s) = s**2 + s - 9. Let v be u(-6). Calculate the highest common factor of n and v.
21
Suppose -30*y + 10176 - 1926 = 0. What is the highest common divisor of 25 and y?
25
Let j = 6 + 478. What is the greatest common divisor of j and 308?
44
Let l = -59 - -83. What is the greatest common factor of l and 51?
3
Suppose 0 = 5*f - 20, -3*f = 2*l + 3*l + 3. Let g be 2/(-6) - 265/l. Let z be (-4)/(-1*1/2). Calculate the greatest common factor of z and g.
8
Let q be -2 + (-1 - 6 - -8) + 89. What is the greatest common divisor of 16 and q?
8
Suppose 0 = 10*n + 621 + 3779. Let a be ((-4)/(-5))/((-4)/n). Suppose 0 = 3*z + 9, -4*l - 8*z + 29 = -3*z. Calculate the greatest common factor of a and l.
11
Suppose 0 = -i + 5 + 4. Let t(y) be the first derivative of 5*y**2 - 4*y - 2. Let w be t(4). Calculate the greatest common factor of i and w.
9
Let u(d) be the first derivative of 4*d**3/3 - 17*d**2/2 + 29. Let x be u(5). What is the highest common factor of 195 and x?
15
Let t = 18 + -15. Suppose 2*j = -2*j + 3*p, t*j = -4*p + 25. Suppose -j*h + 14 = -16. What is the highest common divisor of h and 5?
5
Let t = -141 - -157. Let a be (t/(-10))/(1/(-110)*2). Suppose 4*l - 32 = -0*l. What is the highest common divisor of a and l?
8
Let w be (-18)/45 - ((-7944)/(-15))/(-4). Suppose -w - 682 = -11*m. Calculate the greatest common factor of m and 111.
37
Suppose -44 = -0*d - 4*d - 5*s, 3*d + 2*s = 40. Let q(w) = -4*w**2 - 6*w - 1. Let l be q(-7). Let f = -91 - l. What is the greatest common factor of d and f?
16
Let p be 57/11 - ((-1350)/(-165) + -8). What is the greatest common factor of 230 and p?
5
Suppose 3*c = 20 - 5. Let f be 10/(-1 + c/3). Let s be 8/1 - 1/((-5)/(-10)). What is the highest common divisor of s and f?
3
Let c be 9/(-126) + (-14751)/(-126). Calculate the greatest common factor of c and 273.
39
Suppose -3 = -v - 0. Let d(r) = -6 + r**2 + 9*r**2 + 0*r + r**v - 8*r - 4. Let p be d(-9). Calculate the highest common factor of p and 13.
13
Suppose 0 = 7*y - 26*y + 722. What is the greatest common factor of 646 and y?
38
Let f be (-2 - (10 + 0))/(-2). Let h be 7*(-2)/(-7)*f. Calculate the highest common divisor of 132 and h.
12
Suppose 11*r = 19*r. Suppose r = -5*i + 2*i - 5*l + 39, -3*i + 15 = -3*l. Calculate the highest common divisor of i and 32.
8
Let n be 708/28 - 4/14. Let s(q) = -2*q**3 + 34*q**2 + q - 12. Let w be s(17). What is the greatest common factor of w and n?
5
Suppose -7*b - 1161 = -10*b. Calculate the highest common factor of b and 43.
43
Let z(i) = i**3 + 10*i**2 + 9*i + 19. Let b be z(-9). Suppose 5*c - 196 = 469. What is the highest common divisor of c and b?
19
Suppose 3*a + 1543 = 5*m, m - a = -5*a + 304. Let k be (616/(-110))/(3 + 32/(-10)). Calculate the highest common factor of m and k.
28
Let d = -57 - -41. Let z(g) = g**3 + 16*g**2 - g - 11. Let c be z(d). Let p be 2*1 + -9 + 12. What is the highest common factor of c and p?
5
Let f be ((-441)/(-45) - 3*1)*30. Let w = f - 87. Suppose 4*v = 7*v - 3*c - 36, 0 = -2*v + 4*c + 22. What is the highest common divisor of v and w?
13
Suppose 2*m = -r + 8, 4*m - 4*r = -0*m + 4. What is the highest common factor of 48 and m?
3
Let k(l) = -l**2 + 11*l. Let c be k(6). Let p be (-48)/40*c/(-4). Suppose 3*u + p = 4*u. What is the greatest common factor of u and 63?
9
Let y be (-4)/(-14) - 2708/(-28). Let k = 164 - y. Let x = k - 47. What is the greatest common divisor of 5 and x?
5
Suppose -7*o + 3*o = -b + 60, 5*o = 5. Calculate the greatest common divisor of b and 108.
4
Let d be (-1)/6 + (-17055)/(-270). Calculate the greatest common divisor of d and 945.
63
Let a = 11 + 0. Let q = a - -6. What is the greatest common divisor of 85 and q?
17
Suppose 2*u = -4 + 22. What is the greatest common divisor of u and 57?
3
Suppose -a = -s - 31, s - 69 = -3*a - 2*s. Calculate the greatest common factor of 18 and a.
9
Suppose -5*o = -22 - 38. Suppose j + 55 = 2*v, 0 = -5*v + 3*j - 0*j + 135. Calculate the greatest common factor of o and v.
6
Let w be ((-2)/4)/(1/(-12)). Suppose 3*j = w*j. Suppose i = -j*i + 198. What is the highest common divisor of 22 and i?
22
Let c = 121 + 3. Suppose 0*a = 4*a - c. Let p = a - -13. Calculate the greatest common factor of p and 11.
11
Let u be 55/2 - (-2)/4. Suppose -4 + 26 = -22*b. Let q(f) = -84*f**3 - 2*f**2 - 5*f - 3. Let i be q(b). Calculate the highest common divisor of u and i.
28
Let g be 4/16 + 95/4. Let z = 3 - 0. Suppose 0 = -r - 2*r - v + 21, 0 = -z*r + 4*v + 36. What is the highest common factor of g and r?
8
Let f(j) = j**3 - 6*j**2 - j - 10. Let i be f(8). Calculate the highest common divisor of i and 55.
55
Let a be ((-17)/(-2))/((-1)/(-12)). Suppose 5*t - a = 138. Suppose -3*z - 11 = 5*p - 55, t = 4*p - 4*z. Calculate the highest common divisor of 40 and p.
10
Let k be 60*((-8)/(-20))/(24/20). Calculate the greatest common factor of 40 and k.
20
Let o(a) be the second derivative of -a**3/6 - 5*a**2 + 6*a. Let f be o(-6). Let r be 82 + -5 + 8 + f. What is the greatest common factor of 9 and r?
9
Let s = 46 - 18. Let z(h) = h**2 + 4*h + 11. Let i be z(-2). What is the highest common divisor of i and s?
7
Let a = 5643 + -3300. Calculate the greatest common divisor of 33 and a.
33
Suppose -8*n - 102 = -10*n. Suppose -2*v - 5*p + 137 = n, -5*v + 250 = -5*p. What is the highest common factor of 24 and v?
24
Suppose -819 - 5 = 4*c. Let s be (-6)/51 + c/(-17). Calculate the highest common factor of s and 60.
12
Suppose 0 = -5*o - 0*o + 60. Suppose 0 = 2*m + 2*m + 4, -2*x + 4*m = -8. Suppose 0 = -x*d + o + 14. Calculate the highest common factor of d and 143.
13
Suppose 9 = 5*l - 6. Let s be 1*(0/(-1) + 0). Suppose s = -7*x - x + 24. Calculate the greatest common divisor of x and l.
3
Suppose 0 = -5*t + 3*w + 98, -8*t + 5*t = w - 70. Calculate the highest common factor of t and 286.
22
Let q = -1559 + 1869. What is the highest common divisor of 1054 and q?
62
Let p be (0 - 1764/(-48)) + (-6)/8. What is the highest common factor of 28 and p?
4
Suppose -3*b + 41*b = 1140. Suppose -49 = -c - 3*y + y, 2*c - 96 = -3*y. Calculate the highest common factor of c and b.
15
Let p = -55 + 56. Suppose -o = 1 - 2. Calculate the highest common factor of p and o.
1
Let u = -849 + 915. What is the highest common divisor of 297 and u?
33
Let i = 77 - 75. Suppose -4*b + 948 = m + 3*m, -i*b - 736 = -3*m. What is the greatest common factor of 22 and m?
22
Suppose o - 37 = 5*d + 14, -4*d = o - 24. Let n be 290 + (0 + 2)/(-1). Calculate the greatest common factor of n and o.
36
Let w(a) = 6*a**2 + 14*a + 27. Let k(f) = 7*f**2 + 13*f + 27. Let z(j) = -5*k(j) + 6*w(j). Let u be z(-18). What is the highest common factor of u and 117?
9
Suppose -12*g + 876 = -7*g + a, 5*a = -20. Suppose -6*s + s + 80 = 0. What is the highest common divisor of s and g?
16
Let u be (12/5)/(39/2470). What is the greatest common factor of u and 133?
19
Let b be 21/7 - -1*(-1992)/(-3). Calculate the highest common divisor of 29 and b.
29
Let m(i) = 3 - 16*i - 2 + 4. Let y be m(-1). What is the greatest common divisor of y and 14?
7
Let z = 1 + 6. Let k(a) = -a**3 + 38*a**2 - 70*a - 23. Let q be k(36). What is the highest common factor of z and q?
7
Suppose 3*f + 5*m - 86 = 0, 37 = m + 39. Let k be (48 - -1) + (0 - 1). What is the highest common divisor of f and k?
16
Suppose -2*z - 2*z + 20 = 0. Suppose 0 = z*t - 0 - 5. What is the greatest common divisor of 1 and t?
1
Suppose 52 = -11*u + 12*u. Calculate the highest common factor of u and 4.
4
Suppose 355 = 3*p - 5*o, 0*o - 5*o = 3*p - 305. What is the gre